 of 100?
False
Is 131843 a multiple of 43?
False
Does 418 divide 2849373?
False
Is 168 a factor of 2995618?
False
Is 87 a factor of 559932?
True
Does 9 divide 710895?
False
Does 84 divide 169848?
True
Is 587986 a multiple of 159?
False
Does 122 divide 324693?
False
Is 4605030 a multiple of 114?
True
Does 11 divide 212848?
False
Is 793 a factor of 530242?
False
Is 6775395 a multiple of 121?
True
Does 15 divide 265545?
True
Does 475 divide 1248775?
True
Is 47520 a multiple of 88?
True
Is 92912 a multiple of 45?
False
Does 64 divide 1107520?
True
Is 328 a factor of 781395?
False
Is 6803105 a multiple of 34?
False
Is 827832 a multiple of 408?
True
Is 1020811 a multiple of 151?
False
Does 6 divide 1155150?
True
Does 37 divide 933123?
False
Is 6113540 a multiple of 10?
True
Is 105 a factor of 4445910?
True
Is 367379 a multiple of 3?
False
Is 113 a factor of 212254?
False
Does 9 divide 20703825?
True
Is 62089 a multiple of 58?
False
Is 36482 a multiple of 74?
True
Is 187 a factor of 655460?
False
Is 24664453 a multiple of 2281?
True
Is 78 a factor of 444522?
True
Does 47 divide 2186286?
False
Is 1003983 a multiple of 32?
False
Is 81938 a multiple of 415?
False
Is 845376 a multiple of 629?
True
Is 19 a factor of 138415?
True
Is 331 a factor of 116181?
True
Does 208 divide 20862?
False
Is 186 a factor of 2579523?
False
Does 2 divide 43189?
False
Is 28 a factor of 69020?
True
Does 261 divide 120462?
False
Does 22 divide 33046?
False
Is 8385 a multiple of 15?
True
Is 599 a factor of 3124276?
False
Is 385918 a multiple of 80?
False
Is 6 a factor of 2531617?
False
Does 19 divide 673288?
False
Does 8 divide 2251?
False
Is 2402872 a multiple of 265?
False
Is 308 a factor of 5320084?
True
Does 867 divide 2509098?
True
Does 255 divide 526462?
False
Does 158 divide 81332?
False
Is 65 a factor of 76570?
True
Is 246 a factor of 87822?
True
Does 29 divide 87493?
True
Is 212 a factor of 282228?
False
Is 12726386 a multiple of 93?
False
Is 325136 a multiple of 89?
False
Is 187 a factor of 768128?
False
Is 300840 a multiple of 17?
False
Is 13 a factor of 172484?
True
Does 6 divide 95200?
False
Is 14717639 a multiple of 114?
False
Does 216 divide 2892456?
True
Is 488 a factor of 2360236?
False
Is 44 a factor of 103488?
True
Is 98387 a multiple of 3?
False
Is 3452141 a multiple of 13?
False
Is 279 a factor of 10073410?
False
Is 106288 a multiple of 73?
True
Is 4630908 a multiple of 722?
True
Is 198605 a multiple of 23?
True
Does 368 divide 2486752?
False
Is 912993 even?
False
Is 617022 a multiple of 249?
True
Is 15 a factor of 684705?
True
Does 28 divide 8212?
False
Does 35 divide 403550?
True
Does 23 divide 10675676?
False
Is 9228370 a multiple of 202?
True
Is 9035775 a multiple of 7?
True
Is 22560 a multiple of 235?
True
Is 2315099 a multiple of 29?
True
Is 6320240 a multiple of 995?
True
Is 18 a factor of 1416258?
True
Does 476 divide 4122855?
False
Does 13 divide 1741402?
True
Does 56 divide 599237?
False
Is 17 a factor of 7339736?
False
Is 16995372 a multiple of 1119?
True
Is 3537661 a multiple of 652?
False
Does 15 divide 40467?
False
Does 13 divide 451555?
True
Is 12 a factor of 128104?
False
Does 30 divide 2046930?
True
Is 98 a factor of 293667?
False
Is 4 a factor of 56919?
False
Is 54294 a multiple of 17?
False
Is 9924356 a multiple of 26?
True
Is 3794334 a multiple of 13?
False
Is 39497 a multiple of 127?
True
Is 12 a factor of 2941812?
True
Does 18 divide 44148?
False
Does 5 divide 416544?
False
Does 31 divide 268406?
False
Does 92 divide 9713798?
False
Does 845 divide 749515?
True
Does 31 divide 1966609?
True
Does 123 divide 821748?
False
Is 194414 a multiple of 16?
False
Is 40 a factor of 698170?
False
Is 127 a factor of 94907?
False
Is 1890050 a multiple of 30?
False
Is 24 a factor of 1009416?
True
Is 404 a factor of 157689?
False
Does 680 divide 461040?
True
Is 147 a factor of 1453389?
True
Is 421080 a multiple of 10?
True
Is 6 a factor of 397200?
True
Is 176 a factor of 1819136?
True
Is 310375 a multiple of 76?
False
Is 139143 a multiple of 5?
False
Is 77 a factor of 231462?
True
Is 48 a factor of 6720?
True
Is 107823 a multiple of 37?
False
Is 1248778 a multiple of 157?
True
Does 128 divide 137856?
True
Does 296 divide 4297054?
False
Does 91 divide 638365?
True
Is 48 a factor of 197328?
True
Is 137856 a multiple of 16?
True
Is 11074817 a multiple of 36?
False
Does 1231 divide 2983327?
False
Does 5 divide 6834578?
False
Is 1216980 a multiple of 10?
True
Does 144 divide 826747?
False
Does 124 divide 180668?
True
Is 21 a factor of 40208931?
True
Does 239 divide 90444?
False
Is 11 a factor of 4961088?
True
Is 2516757 a multiple of 315?
False
Is 10772730 a multiple of 18?
True
Is 18169022 a multiple of 8?
False
Is 4974768 a multiple of 57?
False
Is 3256418 a multiple of 22?
True
Is 11 a factor of 105754?
True
Does 413 divide 461386?
False
Does 284 divide 2997904?
True
Is 51298 a multiple of 268?
False
Is 1963585 a multiple of 221?
True
Does 34 divide 3832650?
True
Is 52 a factor of 913354?
False
Is 32 a factor of 105469?
False
Does 12 divide 22217?
False
Is 3692220 a multiple of 596?
True
Is 19 a factor of 8835?
True
Does 137 divide 705413?
True
Is 869920 a multiple of 8?
True
Does 153 divide 113100?
False
Is 9 a factor of 4630240?
False
Is 2222962 a multiple of 266?
True
Is 3 a factor of 206574?
True
Does 275 divide 6532476?
False
Does 12 divide 2758354?
False
Is 958157 a multiple of 12?
False
Is 67206 a multiple of 11?
False
Is 2530304 a multiple of 512?
True
Does 229 divide 1933064?
False
Is 1031 a factor of 14601261?
False
Is 32 a factor of 857760?
True
Does 10 divide 1534183?
False
Is 6 a factor of 2154?
True
Is 5419320 a multiple of 354?
False
Is 1053 a factor of 442132?
False
Is 290952 a multiple of 17?
False
Is 7 a factor of 4848625?
False
Does 340 divide 5093809?
False
Is 3 a factor of 507918?
True
Is 17127 a multiple of 27?
False
Is 4946050 a multiple of 10?
True
Is 13472525 a multiple of 25?
True
Is 205 a factor of 6418711?
False
Is 591 a factor of 1811415?
True
Does 193 divide 1818060?
True
Is 124 a factor of 11081372?
False
Does 8 divide 7962?
False
Is 22183 a multiple of 37?
False
Does 43 divide 882876?
True
Does 8 divide 123992?
True
Is 1163058 a multiple of 8?
False
Is 28 a factor of 64988?
True
Does 113 divide 33222?
True
Is 1206 a factor of 7210280?
False
Does 18 divide 415050?
False
Is 437755 a multiple of 483?
False
Does 82 divide 294022?
False
Does 54 divide 2909034?
True
Is 83 a factor of 996?
True
Is 6 a factor of 399416?
False
Does 10 divide 2706223?
False
Is 126707 a multiple of 21?
False
Does 18 divide 5525459?
False
Is 715904 a multiple of 14?
True
Does 8 divide 960292?
False
Is 409 a factor of 1948067?
True
Is 104 a factor of 93392?
True
Is 1347864 a multiple of 12?
True
Does 195 divide 1037364?
False
Is 2172982 a multiple of 947?
False
Is 128 a factor of 7873194?
False
Is 316798 a multiple of 38?
False
Is 428 a factor of 1315672?
True
Is 13 a factor of 72541?
False
Is 11 a factor of 36519?
False
Does 61 divide 14543?
False
Does 206 divide 464324?
True
Is 984878 a multiple of 9?
False
Does 9 divide 2079300?
False
Does 4 divide 130273?
False
Is 632 a factor of 14896110?
False
Is 20 a factor of 487980?
True
Is 21 a factor of 2665?
False
Is 11380 a multiple of 10?
True
Is 655350 a multiple of 255?
True
Is 2565760 a multiple of 844?
True
Is 11 a factor of 506620?
False
Is 1761908 a multiple of 19?
True
Is 39131 a multiple of 26?
False
Is 18279000 a multiple of 16?
False
Does 357 divide 5704146?
True
Is 1402070 a multiple of 10?
True
Is 1794048 a multiple of 219?
True
Is 2239484 a multiple of 131?
False
Does 128 divide 861184?
True
Is 466 a factor of 7900873?
False
Is 3271309 a multiple of 526?
False
Is 8 a factor of 4931504?
True
Is 97867 a multiple of 11?
True
Is 1208 a factor of 6058938?
False
Does 10 divide 7151?
False
Is 88 a factor of 59752?
True
Does 11 divide 83171?
True
Is 124 a factor of 2937188?
True
Does 573 divide 312858?
True
Is 35392 a multiple of 224?
True
Does 160 divide 878560?
True
Does 110 divide 178860?
True
Is 1375036 a multiple of 26?
True
Is 356437 a multiple of 23?
False
Is 28 a factor of 234108?
True
Does 88 divide 443520?
True
Does 21 divide 1107449?
False
Does 20 divide 143380?
True
Is 63 a factor of 